*q. Calculate the greatest common divisor of l and q.
48
Let d = 3716 - 3028. What is the greatest common factor of d and 80?
16
Let w(b) = 8*b - 21. Let g be w(4). Suppose -18*q + 17*q = -g. Let f = q - -4. Calculate the greatest common factor of 6 and f.
3
Let o(u) = 7*u**3 - 13*u**2 - 36*u - 11. Let f be o(6). Calculate the greatest common factor of 38 and f.
19
Let h be (-2)/2 + -1 - -162. Let f be -1 + 170 + (-5)/(-10)*-4. Suppose -w + 123 = 4*o, -o = 5*o + 5*w - f. What is the highest common divisor of o and h?
32
Let j = 6 + 30. Let m(s) be the second derivative of -13*s**3/6 - 24*s**2 - 105*s. Let l be m(-4). What is the greatest common divisor of j and l?
4
Suppose -o + 34 = x - 6*x, -3*x = -3*o + 66. Let b = -273 - -328. Let c be 5*((-14)/(-21) + b/3). What is the greatest common factor of o and c?
19
Suppose 5*d + 0*d = 450. Suppose d = 3*c + 18. Suppose -c = 44*r - 47*r. Calculate the highest common divisor of 88 and r.
8
Let j(q) = -13*q - 65. Let t be j(-5). Suppose -2*z = -3*f + 6, t = -f + 2*z - 0*z - 2. Calculate the highest common factor of 236 and f.
4
Let h = -92 - 243. Let x = h - -345. Let b be -1 + (-2)/2*-16. Calculate the greatest common factor of x and b.
5
Let n = -22 + -14. Let b = n + 34. Let o(c) = -9*c + 2. Let k be o(b). What is the highest common divisor of k and 60?
20
Suppose -31*o + q + 1153 = -27*o, q - 7 = 0. Calculate the greatest common divisor of o and 20.
10
Let f = 28921 - 27376. Calculate the highest common divisor of f and 90.
15
Suppose -151*j + 3 - 12 = -154*j. What is the greatest common factor of 393 and j?
3
Let k be ((-2)/3)/((-11)/1320). Calculate the highest common factor of 12560 and k.
80
Let o(h) = h**2 + 3*h - 18. Let k be o(3). Suppose k = -38*x + 29*x + 441. Calculate the highest common factor of x and 49.
49
Let r = -605 - -741. What is the highest common divisor of 1054 and r?
34
Let p = -31 - -34. Suppose -2*a = -p*a + 2. Suppose a*w - 56 = -0*w. Calculate the highest common factor of w and 4.
4
Suppose -96 - 57 = 17*z. Let w be (13/(78/z))/((-6)/8). What is the highest common divisor of w and 6?
2
Let y = 17 + -10. Let l(p) = 3*p**2 + 2315*p - 21050. Let i be l(9). What is the greatest common factor of i and y?
7
Suppose -118*n - 106*n + 52837 + 57595 = 0. What is the highest common divisor of 34 and n?
17
Suppose -i - 5*a + 3118 = 0, -a = -3*i + 3581 + 5757. What is the highest common divisor of i and 11?
11
Let i = 12900 - 12762. Let y(f) = -f + 6. Let u be y(0). Calculate the greatest common divisor of i and u.
6
Suppose 0 = -33*n - 7388 + 11173 + 21295. Calculate the greatest common divisor of 8968 and n.
152
Let p(a) = 14 + a - 7 + 14 + 3. Let w be p(-9). Suppose 4*o + 0 - 20 = 0. Calculate the highest common factor of o and w.
5
Suppose -294*v = -236*v - 290. What is the greatest common factor of v and 1400?
5
Let z = 485 - 437. Calculate the highest common factor of z and 128.
16
Suppose -28*i - 5952 = 3*i. Let c = i + 228. What is the greatest common factor of c and 72?
36
Suppose -5*c = 4*x - 22, 0 = 2*c - x + 2*x - 7. Suppose -1102*h + 2038 + 3472 = 0. Calculate the highest common factor of h and c.
1
Suppose -y + 1506 = 2*l, 62*y - 59*y - 3*l = 4509. Calculate the greatest common divisor of y and 846.
94
Suppose -3*u + 1341 + 1311 = 23*u. Calculate the highest common divisor of u and 10608.
102
Suppose 3*r = 157*z - 159*z + 1166, 398 = r - 4*z. What is the highest common factor of 660 and r?
30
Let j = 26777 + -22564. Calculate the greatest common divisor of 55 and j.
11
Suppose 2*i = -4*n + 500, 4*i + 1223 = 9*i + n. Suppose -i*d + 248*d = 624. Calculate the greatest common divisor of d and 208.
52
Suppose 21*x - 6*x = 0. Suppose 2*j + 4*d - 44 = x, j + 5 = -d + 27. What is the greatest common factor of 154 and j?
22
Suppose 119*p + 23037 - 255325 = 0. What is the greatest common divisor of p and 1037?
61
Suppose 9*z = -10*z + 95. Suppose -24*o + z*j = -20*o - 39, -4*j - 12 = 0. Let r be (-2)/(-6) - 52/(-6). What is the greatest common divisor of r and o?
3
Let l = 46175 - 45927. Let r(a) = -a**2 - 12*a - 1. Let v be r(-8). Calculate the greatest common factor of l and v.
31
Suppose 4*p = 6*p - 4, 3*f - 788 = 2*p. What is the greatest common factor of 374 and f?
22
Let m(r) be the third derivative of -r**4/24 + 2*r**3 + r**2. Let f = -340 + 332. Let s be m(f). Calculate the highest common divisor of 100 and s.
20
Let y(f) = 16*f**2 + f. Let h be y(-1). Suppose -148*j + 150*j = 10. Suppose 0 = z + 2*b - 3 - 18, 5*z - 60 = j*b. What is the highest common factor of z and h?
15
Suppose 49*p - 9385 = 194455. What is the greatest common divisor of 234 and p?
26
Let i be 165880/(-78)*(-9)/6. Suppose -20*v + 31*v - i = 0. Calculate the greatest common divisor of v and 87.
29
Let b(o) = -3*o**2 + 1. Let r be b(-1). Let i be (-57 - (r + 3)) + 3. Let h = i + 123. What is the highest common divisor of 17 and h?
17
Let i = 24589 + -23131. Calculate the highest common factor of 4 and i.
2
Let x(k) = 1367*k - 1151. Let p be x(1). What is the highest common divisor of p and 612?
36
Let l = -3180 + 3191. What is the highest common divisor of 23 and l?
1
Let z(r) = -13*r - 20. Let t be z(-5). Suppose -5*h - 4*l + 5*l = -t, l = -3*h + 19. Calculate the highest common factor of h and 12.
4
Suppose -346*m + 1105 = -341*m. Calculate the highest common divisor of m and 143.
13
Suppose 4*r + 2*h - 44 = 0, -21*h = -20*h + 6. Calculate the highest common divisor of r and 121.
1
Let m(d) = 8*d**3 + 2*d**2 + 5*d - 2. Let v be m(3). Let u = 52662 - 52636. Calculate the highest common divisor of u and v.
13
Suppose -31 + 235 = 2*p. Let x = 16117 + -16066. What is the highest common divisor of p and x?
51
Let f(l) = 0*l**3 + 2*l**3 + 3*l - 3*l**2 - 3*l**3 + 3. Let t be f(-4). Suppose 1089 = 49*z - 1312. What is the highest common divisor of z and t?
7
Let k(g) = 4*g**3 + 2*g**2 - 3*g + 9. Let c be k(-4). Let m be 1/(-7) + (-48749)/c. Calculate the highest common divisor of m and 32.
16
Let t be (-23*3)/(6/(-8)). Let k be (7*(-4)/4)/(-1). Suppose 5*y - 112 = -k*p + 4*p, -5*p - 120 = -5*y. What is the highest common factor of t and y?
23
Let x(m) = 3*m**3 - 8*m**2 + 8*m - 8. Let r be (-3)/((-84)/104) + (-4)/(-14). Let z be x(r). What is the greatest common factor of 40 and z?
8
Let o = -16486 + 21691. Calculate the greatest common divisor of 15 and o.
15
Suppose d = 5*k + 740 - 515, 0 = 3*d + 2*k - 522. What is the greatest common factor of 840 and d?
60
Suppose -40*l = -32*l + 93*l - 4444. What is the greatest common factor of 4642 and l?
22
Suppose 4*z = 2*w - 220, -5*z - 510 = 862*w - 867*w. Calculate the highest common divisor of w and 19975.
47
Let x(l) = -3*l - 3. Let b be x(-2). Let v be b/(-21) - 85/(-7). Suppose -3*k = 3*h - 54, 0 = -k - 2*k + h + 46. What is the highest common divisor of v and k?
4
Let a(n) = 2*n - 14. Let x be a(15). Suppose 3*i - 2*t = -13 + 45, 2*i + 4*t = x. What is the highest common divisor of i and 2?
2
Let d(f) = -f + 21. Let t be d(-9). Let q be 270/(-120)*40/(-6). What is the greatest common divisor of q and t?
15
Let n = 7621 + -7089. What is the highest common factor of n and 76?
76
Suppose 0 = 5*c - 0*c - 85. Suppose 0 = -4*d - 1 + c. Suppose -2*x = -0*j + 5*j - 25, d*j - x = 20. Calculate the highest common divisor of j and 25.
5
Let y(n) = 2*n**2 - 137*n + 555. Let i be y(70). What is the greatest common divisor of i and 680?
85
Let v be (-2 - 4)/(3*2/9). Let f be v/(-15) + (-124)/(-30)*3. Calculate the highest common factor of 39 and f.
13
Let x(w) = -w**3 + 7*w**2 + 15*w - 8. Let z be x(6). Suppose -z*t + 204 = -112*t. Calculate the highest common divisor of 51 and t.
17
Let y = 3328 - -2615. Calculate the highest common divisor of y and 21.
21
Let g be ((-8)/5 - -1) + 11538/30. Calculate the highest common divisor of g and 42.
6
Let g be 11 + (-35)/7 - -1. Let q be (4 - 10) + -1 + 385. What is the highest common divisor of g and q?
7
Let g be 75/(-6)*(-16)/10. Let i(w) = 17 - g - 37*w - 29. Let x be i(-5). What is the highest common factor of x and 9?
9
Suppose 0 = 2*x - 197*k + 196*k - 278, k - 562 = -4*x. Calculate the greatest common divisor of x and 84.
28
Let w(y) = y**2 + 3*y + 8. Let f be w(-8). Let h be 10 - (2 + (-15)/(-3) + -2). Suppose -h*m +